 factor of 16 and b.
4
Suppose 16*l - 21*l = -455. Calculate the greatest common divisor of 117 and l.
13
Let d(f) = -f + 212. Let n be d(0). Suppose 0 = 9*m + 23 - n. What is the highest common divisor of 231 and m?
21
Suppose 24*z - 20*z = -3*i + 406, -16 = -4*z. What is the greatest common divisor of 90 and i?
10
Let p(g) = -g**2 + 21. Let z be p(0). Suppose h + h = -3*b + 88, -b = 2*h - 36. Let q = b + 163. Calculate the highest common divisor of z and q.
21
Let o(y) = -7*y**2 + 121*y + 30. Let c be o(14). Calculate the highest common divisor of 121 and c.
11
Let b be (2/7)/((-2)/(-28)). What is the highest common factor of b and 124?
4
Let o = -45 - -413. Calculate the greatest common divisor of o and 161.
23
Let y be ((-123)/(-82))/((-2)/(-216)). What is the highest common divisor of 36 and y?
18
Let a = -147 - -148. What is the highest common factor of a and 61?
1
Suppose -16 = j - 5*y, -4*y + 29 = -4*j + 5*j. Calculate the greatest common factor of j and 144.
9
Suppose 205 = -3*g + s - 377, 0 = s. Let v = 294 + g. Calculate the greatest common factor of 40 and v.
20
Suppose 3*f - 28 = f. Suppose -3*z + 2*z - 5*u = 21, 4*u = -20. Suppose -o = -3*b + 117 - 13, z*o + 31 = b. What is the greatest common divisor of b and f?
7
Let d be 5 + 23/((-322)/(-35)) + (-2)/(-4). Let u be (-1 - 5)*(0 - 1). Calculate the highest common divisor of d and u.
2
Let k be (-4)/16 - 30/8. Let i be (k/4)/((-5)/(-435)). Let f = -39 - i. Calculate the highest common factor of 72 and f.
24
Let p(d) = -9*d**3 - 3*d**2 + 3*d + 3. Let x be p(-3). Suppose 3*u - 3 = 2*k - x, 0 = -4*k - 2*u + 422. What is the greatest common factor of 15 and k?
15
Suppose 284 = -9*a + 2264. Suppose -a = 96*y - 100*y. What is the highest common factor of y and 33?
11
Let g(y) = 14 + 7*y**2 + 24 - 44 - 3*y + 21. Let n be g(5). Let f = 72 - 47. Calculate the greatest common factor of n and f.
25
Let s(w) = 5*w + 5. Let k be s(0). Suppose x + 240 = k*x. What is the highest common factor of 40 and x?
20
Suppose 12*n - 450 = 8*n + 5*c, -3*n = 3*c - 324. What is the highest common divisor of 198 and n?
22
Let f be 41258/147 + 4/(-6). What is the greatest common factor of 35 and f?
35
Suppose -150 = 15*b - 240. Suppose -4*g = 2*u - 120, -3*u + 0*u = 0. Calculate the greatest common divisor of b and g.
6
Let d be (2 + 2)/(-2) + 25. Suppose -27*r + d*r + 700 = 0. Calculate the greatest common factor of r and 25.
25
Suppose -5*g + 82 = 52. Suppose -5*v - 21 = -3*x - 0*x, -6 = -x + 2*v. Calculate the highest common factor of g and x.
6
Let r(q) = -2*q**2 - 8*q + 2. Let c be r(-3). Calculate the highest common divisor of c and 1000.
8
Let r be (-4)/(-2) - 32/(-4). Let d = 13 - r. Suppose -d*c + 74 = -61. What is the highest common factor of c and 15?
15
Let l = 18 + 21. Let r(z) = z**3 - 2*z**2 + 38*z + 13. Let p be r(0). Calculate the greatest common factor of p and l.
13
Let q = -103 - -138. Let j be (-317)/(-7) + 5/q*-2. What is the highest common factor of 60 and j?
15
Let d(i) = -i + 9. Let m be d(3). Suppose 3*o = 5*a - 2 + 3, -2*a - 2*o = -m. Let y(g) = 2*g - 3. Let r be y(3). What is the highest common factor of r and a?
1
Suppose -2*z - 2 = 3*b, 5*b - z = -5*z - 6. Let o be 1/3 - ((-174)/9)/2. Let l = o - b. What is the greatest common divisor of 4 and l?
4
Suppose 5*m + 289 - 729 = 0. Suppose -q + 2*o = -44, 2*q + o = -o + m. Let h = 280 + -269. Calculate the greatest common factor of h and q.
11
Let k = 225 + -161. Suppose o = 4*o - 423. Suppose 0 = 2*w - 5*x - 167, -w + o = 3*x + 30. What is the highest common divisor of w and k?
32
Suppose -4180 = -5*p - 1180. Calculate the greatest common divisor of 24 and p.
24
Suppose 68 = 2*b - 0*b. Let y be ((-8)/(-1))/2*1 + b. Suppose 5*x = 15, v + 4*x - 222 = 208. What is the highest common divisor of y and v?
38
Let b be ((-15)/(-6))/((2*-1)/4). Let l be 24 + (b/(-5))/(-1). Calculate the highest common divisor of 207 and l.
23
Suppose 2*k - 17 = -3*u, 6*k + 4*u - 26 = 3*k. Let m(v) = -v**3 - v**2 + 6*v - 4. Let t be m(-4). What is the greatest common factor of k and t?
10
Let z be 193/5 - -11*44/1210. Calculate the highest common factor of 611 and z.
13
Let f(x) = -x**2 - 4*x**2 + 10 - 4 + x**3. Let l be f(5). Suppose l*i = i + 140. What is the highest common divisor of i and 70?
14
Suppose -5*v - 412 = -3*c - 82, v = 4*c - 457. Let y = -85 + c. Calculate the greatest common divisor of 20 and y.
10
Let h = -25 - -29. Calculate the greatest common factor of h and 116.
4
Suppose 630 = 2*c + 5*h, -3*c = 11*h - 9*h - 923. What is the highest common divisor of 5 and c?
5
Suppose q = 2, 0*q = -5*m - 3*q + 21. Let w = 5 - m. Suppose 342 = 4*l + w*b, -3*l - 3*b = -74 - 175. What is the highest common divisor of l and 22?
22
Suppose p - 3*l = -2*p + 177, 5*p + 5*l = 305. What is the greatest common factor of p and 280?
20
Let n = -103 - -105. Suppose -3*s - 4*h = -68, -s + 8 = -n*h + 2. What is the greatest common divisor of s and 32?
16
Let t(j) = 7*j + 8. Let u(a) = -a**2 - 9*a - 2. Let i be u(-8). Let g be t(i). Let x = g + -35. What is the greatest common divisor of 3 and x?
3
Suppose -4*g = 4*r - 228, -39*g + 43*g + 2*r - 220 = 0. Calculate the greatest common divisor of 53 and g.
53
Suppose -5*x + 144 + 480 = -4*u, -3*u = x - 102. Suppose -5*f = -3*l - 66, 4*l = 5*f - 65 + 2. What is the highest common factor of x and f?
15
Let b = 1243 + -1141. What is the greatest common divisor of 36 and b?
6
Let h be (1 + -2)*1*6. Let s be (-8)/12 + (-28)/h. Let x(t) = 2*t + 50. Let j be x(-19). Calculate the greatest common factor of j and s.
4
Suppose -2*r = -118 + 14. Suppose -3*o + 79 = r. Calculate the greatest common divisor of o and 27.
9
Suppose -5*g + 7*z - 4*z = -139, 5*g - 137 = 4*z. Let x be (-2034)/(-14) + 2/(-7). Calculate the highest common divisor of x and g.
29
Let b(i) = 7*i**2 - 9. Let m be b(2). Suppose 4*p - 538 = n - 3*n, -387 = -3*p + 4*n. Calculate the highest common divisor of m and p.
19
Let u(o) = o**3 + 4*o**2 + 2*o + 6. Let r be u(-4). Let n be ((-65)/39)/((-10)/(-6) + r). Calculate the highest common factor of n and 15.
5
Suppose -27*z + 14*z = -1326. Calculate the greatest common divisor of z and 30.
6
Let z(r) = 33*r + 16. Let i be z(0). Suppose 0 = o - 3 + 11. Let w be -6*(1 + o/6). What is the highest common divisor of w and i?
2
Let z = -18 - -38. Let p = z + -15. What is the greatest common divisor of p and 25?
5
Let y be (0/4)/(-3 - -2). Suppose k - 2 = -y*k. What is the highest common factor of k and 5?
1
Let h be 4 + 1 - (1 - 2 - 81). What is the highest common factor of 203 and h?
29
Let u(w) = -w**3 + 8*w**2 + 9*w + 9. Let r be u(9). Suppose r*g = 2*g + 147. What is the greatest common factor of 3 and g?
3
Let t = -394 - -418. What is the greatest common factor of 8 and t?
8
Suppose -3*n + 3*g - 56 + 137 = 0, 2*n + 2*g = 54. Let q be (-4)/(-18) - (-588)/n. Suppose 3*r - 38 = q. Calculate the greatest common divisor of 100 and r.
20
Let h(y) = y**2 - 6*y + 9. Let p be (-15)/3*1*-1. Let w be h(p). Suppose 60 = -z + 5*z - w*r, 0 = -r. What is the greatest common divisor of z and 3?
3
Suppose 0 = 5*n - 2*a + 20, a - 3 = -2*n + 4*a. Let p be ((-372)/(-18))/(4/n). Let h = 49 + p. Calculate the highest common factor of 6 and h.
6
Suppose -39 + 99 = 12*w. What is the greatest common divisor of 115 and w?
5
Let t be (-1)/4 + (-2)/(-8). Let z(v) = v**2 - 2*v - 5. Let x be z(t). Let u be ((-6)/1)/(x/25). Calculate the greatest common divisor of u and 90.
30
Let b be (-6)/10 + 15075/125. Suppose 0 = -2*p - b + 588. Calculate the greatest common factor of p and 26.
26
Suppose 3*u + 4*d = -5, -5*u + 5*d = d - 45. Let h be -7*(-2)/14*(1 - -4). What is the greatest common divisor of u and h?
5
Let d(p) = p**3 + p**2 + p. Let i = 4 + 3. Suppose 3 = -3*m - 4*q, i*q = -5*m + 3*q + 3. Let x be d(m). Calculate the highest common factor of 26 and x.
13
Let s(g) = 5*g**2 - 1 + 64*g - 71*g + 5. Let i be s(2). Calculate the greatest common divisor of 10 and i.
10
Suppose h = o - 72, 2*h - 332 = -8*o + 3*o. Suppose 0 = -l + 4*c + 186, -l + 5*c = -6*l + 830. Calculate the highest common factor of o and l.
34
Let b = -2013 + 2021. Let x = 19 - 3. What is the highest common factor of b and x?
8
Let c = -9 - -13. Let q(o) = -o**3 + 2*o**2 + 10*